s divided by t?
15
Suppose 0 = 8*l - 3*l - 20. What is the remainder when l is divided by (-4)/(-8) + (-3)/(-2)?
0
Suppose -y - 4*f = 3*y - 8, 4*f + 13 = 3*y. Suppose u + 2 = 4. Suppose -5*j = -u*j - 21. What is the remainder when j is divided by y?
1
Let k(b) = b**3 - 9*b**2 + 10*b + 2. Suppose 0 = 3*z - z + 6. Let o(j) = -2*j + 2. Let x be o(z). Calculate the remainder when 53 is divided by k(x).
17
Let c(q) = -2*q**2 + 12*q + 1. Calculate the remainder when 31 is divided by c(5).
9
Let m(o) = -20*o**3 + o**2 - o - 1. Let i be m(-1). Suppose 8*x - 2*q = 3*x + i, x - q - 3 = 0. Calculate the remainder when x is divided by 4.
1
Suppose -2*y = -35 - 9. Let q = 418 + -203. Suppose 5*j = -0*j + q. What is the remainder when j is divided by y?
21
Let h(d) = -2*d**3 - 3*d**2 - 2*d + 1. What is the remainder when 15 is divided by h(-2)?
6
Suppose 0*v + 4*v - 196 = 0. What is the remainder when v is divided by 2*(76/8 - 3)?
10
Suppose -4*g = 8, 5*i - 6*g - 23 = -2*g. Calculate the remainder when 4 is divided by i.
1
Suppose -f - 4*l = -74, 3*l + 4 - 78 = -f. Let w(c) = -c - 6 - 5 + 4*c + 3*c. What is the remainder when f is divided by w(6)?
24
Suppose -j - 2*j + 144 = 2*o, 83 = 2*j - 3*o. Suppose 0 = 6*d - d - 80. What is the remainder when j is divided by d?
14
Let t(y) = y**2 + 3*y - 6. Suppose 5*f - 291 = -66. Let h = f - 23. What is the remainder when h is divided by t(-6)?
10
Suppose -3*p + 5*r = -95, p + 2*r = 27 + 12. Calculate the remainder when 67 is divided by p.
32
Let s be (1 - 20) + (-21)/(-7). Let o = s - -22. Calculate the remainder when o is divided by 3.
0
Let h(w) = w**2 - 3. Calculate the remainder when h(-6) is divided by 18.
15
Calculate the remainder when (2 + 1)*22/6 is divided by 6.
5
Suppose 0 = -4*o - 2*x + 158, 2*o - 111 = -o + x. What is the remainder when o is divided by 13?
12
What is the remainder when 10/(-5)*(-58)/4 is divided by 6?
5
Let m(b) = -b**2 + 3*b. Let j be m(3). Let d(i) = i**3 - i**2 + i + 53. What is the remainder when d(j) is divided by 18?
17
Let v(w) = -w. Let g(a) = a**2 + 2*a - 2. Let o(i) = g(i) + 2*v(i). What is the remainder when 13 is divided by o(-3)?
6
Let d = 89 + -26. Calculate the remainder when d is divided by 16.
15
Let q be 12/18 - 8/(-6). Let h = 3 + q. Suppose 0 = -4*t + 3*p + 92 + 104, 4*p = -h*t + 245. What is the remainder when t is divided by 17?
15
Let t = -87 - -125. Calculate the remainder when t is divided by 10.
8
Let m(z) = 2*z - 1. Let u be m(-2). Let d = u - -14. What is the remainder when -3*(-26)/6 + 2 is divided by d?
6
Let r(u) = -2*u - 13. Calculate the remainder when 18 is divided by r(-10).
4
Suppose 5*b - 2*b - 46 = 5*y, 2*b = 5*y + 39. What is the remainder when 22 is divided by b?
1
Suppose 2*n = -2 - 0. Let s(c) = -c**3 + 7*c**2 - 2*c. What is the remainder when s(6) is divided by ((-13)/2)/(n/2)?
11
Let g(m) be the first derivative of -m**3/3 + 5*m**2 - 6*m - 2. What is the remainder when 1025/35 - 2/7 is divided by g(7)?
14
Suppose 4*h - 5*b + 1 = 0, 5*h = 5*b - 0*b. What is the remainder when 5 is divided by h/(-3)*-1*12?
1
Suppose 0 = 2*n - 3*m + 97 - 270, -4*n + 331 = -m. What is the remainder when n is divided by 14?
12
Suppose 2*s = 3*s. Suppose 2*u + u + 108 = s. Let p = -11 - u. What is the remainder when p is divided by 9?
7
Suppose -3*h + 0 + 54 = 0. Let w(v) = 5*v - 17. What is the remainder when w(10) is divided by h?
15
Suppose 2*h - 30 = -0*h. Suppose -6*k + 11*k - h = 0. What is the remainder when 43/9 - 6/(-27) is divided by k?
2
Suppose -18 = -2*f + f - 3*h, 2*f - h = 43. Suppose -4*y + 48 - 230 = -3*l, 246 = 4*l - 2*y. Calculate the remainder when l is divided by f.
20
Let c = 9 + 5. Let s = -43 - -70. Calculate the remainder when s is divided by c.
13
Suppose 2*v + 3*v - 70 = 0. Calculate the remainder when 25 is divided by v.
11
Let p(g) = -3*g - 3. Calculate the remainder when p(-10) is divided by 14.
13
What is the remainder when 44 is divided by (265/106)/(1/6 - 0)?
14
Suppose 5*s + 24 = 4*y + s, 5*s = 3*y - 28. Suppose -2*q - 7 = 1. Let k = y - q. What is the remainder when 14 is divided by k?
4
Suppose 4*q = 5 - 1. What is the remainder when 2 is divided by q/(-3)*(-4 - -1)?
0
Suppose 0 = 3*z - 2*x + 14, 3 = -2*z - 5*x + 19. Let b = 8 - z. What is the remainder when 39 is divided by b?
9
Let x = 23 - 18. Calculate the remainder when 19 is divided by x.
4
Let u(j) = -j**2 - j + 18. What is the remainder when ((-5)/(-2) + -1)/((-3)/(-142)) is divided by u(0)?
17
Calculate the remainder when 68 is divided by (6/(60/50))/((-2)/(-6)).
8
Suppose 0*p - 3*p - 30 = 0. Let a = -1 - p. Calculate the remainder when 25 is divided by a.
7
Let y(i) be the third derivative of i**6/120 + 7*i**5/60 + i**4/6 - 7*i**3/6 + i**2. Calculate the remainder when 19 is divided by y(-6).
4
Let m = 2 - -3. Suppose -2*s + 21 = 5*k - 0*k, -m*k = -4*s + 57. What is the remainder when s is divided by 8?
5
Let a = 7 + -1. Calculate the remainder when 17 is divided by a.
5
Let b(h) = -h**2 - 4*h + 4. Suppose -187 = -5*x + 3*p, 3*x - 78 = x - 2*p. Suppose 2*q - 4*q = -x. What is the remainder when q is divided by b(-3)?
5
Let a = -27 + 38. Suppose -23 = 3*n + o, 2*n = 4*o + 12 - 4. Let t = n + a. Calculate the remainder when 8 is divided by t.
3
Suppose -2*b + 99 = 29. Let y(x) = -17*x + 35. What is the remainder when y(-6) is divided by b?
32
Suppose 5*z + 14 = -6, -4*u - 2*z = 0. Let t = u - -1. Suppose h - 4 = -2*v, -2*h + v = h - 5. What is the remainder when t is divided by h?
1
Suppose 0 = -g - m + 15, -2*g - 4*m = -9*m - 65. Calculate the remainder when (-8)/(16/(-6))*19 is divided by g.
17
Let v(y) = y + 15. Calculate the remainder when 20 is divided by v(-9).
2
Let j(g) = g + 4. Let s be j(-10). Let y = s + 8. Calculate the remainder when 5 is divided by y.
1
Let l = 94 + -50. Let b = l - -11. Calculate the remainder when b is divided by 19.
17
Suppose -3*o + 5*v + 124 + 49 = 0, -v = 3*o - 185. Suppose -2*g - 3*g = -105. Calculate the remainder when o is divided by g.
19
Let t = -59 + 41. What is the remainder when 16 is divided by 7*t/(-21)*1?
4
Let c(v) = 3*v - 4. Let n be c(4). Let z = 19 - n. What is the remainder when 41 is divided by z?
8
Suppose -5*u + 48 = -u. Let v = 16 + 19. What is the remainder when v is divided by u?
11
Let c(v) = 36*v**2 + v. What is the remainder when ((-412)/8)/(4/(-8)) is divided by c(-1)?
33
Suppose 8*t + 2 = 9*t. Suppose 0 = -t*i - 15 + 67. Let d(y) = 2*y**2 + y + 1. Calculate the remainder when i is divided by d(-2).
5
What is the remainder when 4/10 + 4480/50 is divided by 23?
21
Suppose -5*c + 56 = -2*w, 0*c = 2*c + 5*w - 5. What is the remainder when 78 is divided by c?
8
Suppose 455 = 5*y - 9*w + 4*w, -5*y + 2*w + 443 = 0. Calculate the remainder when y is divided by 30.
27
Let b = 8 + -3. Let m(w) = w + 7. What is the remainder when 21 is divided by m(b)?
9
Suppose 10*a - 5*a - 170 = 0. Suppose 2*n + 0 = a. Calculate the remainder when n is divided by 6.
5
Suppose h = 2*h - 4. Suppose 0 = -h*k + u - 5*u + 184, -2*k + 83 = -u. Calculate the remainder when k is divided by 15.
13
Let l = 15 + -7. Suppose -7*d + 3*d = -l. Suppose 17 + 1 = d*g. Calculate the remainder when g is divided by 5.
4
Let q = -4 - -9. Calculate the remainder when 19 is divided by q.
4
Let z = -5 - -69. Calculate the remainder when z is divided by 33.
31
Suppose -7*d + 4 = -87. What is the remainder when 38 is divided by d?
12
Suppose -5*d + 55 = -190. Calculate the remainder when d is divided by 13.
10
What is the remainder when 48/32*1*2 + 36 is divided by 11?
6
Suppose -5*a = 4*z - 74 + 32, -39 = -4*a - 5*z. What is the remainder when 17 is divided by a?
5
What is the remainder when (-7)/(-14) + 50/4 is divided by 4?
1
Let l be ((-2)/3)/((-1)/(-3)). Calculate the remainder when 23 is divided by l/7 - (-516)/42.
11
Suppose -7*j = -4*j - 54. What is the remainder when 51 is divided by j?
15
Let c = -13 - -3. Let w be (-1 - 1)*75/c. Let g = 27 - w. Calculate the remainder when 23 is divided by g.
11
Let w be (-21)/(-3) - (-1 - -4). Suppose -5*i = -w*i. Suppose -4*k = -4*r - 48, i*r = -3*k - 2*r + 16. Calculate the remainder when k is divided by 3.
2
Suppose w = -w - f + 8, 0 = 5*w - 5*f - 5. Calculate the remainder when w is divided by 3/6*2/1.
0
Le